y w?
12
Suppose 14*g - 15*g - 17 = -n, 0 = -2*g + 8. What is the remainder when 76 is divided by n?
13
Suppose 61*f - 94 = 59*f. Calculate the remainder when 327 is divided by f.
45
Let j(g) = -2*g + 7. Let h = -3 - -6. Suppose -h = -2*p - 3*s, -2*p = 2*s + 4 - 8. Calculate the remainder when 2 is divided by j(p).
0
What is the remainder when ((-4)/(-6))/(6 + 7872/(-1314)) is divided by 15?
13
Let w(o) = -10*o + 174. Let k(j) = 2 - 7 + 9*j + 3. Calculate the remainder when w(10) is divided by k(3).
24
Suppose -3*o = -8 - 16. Suppose 5*m - 2 - 8 = 0. Calculate the remainder when m*(-3 + 2)*-19 is divided by o.
6
Let q = 32 + -50. Let v(c) = -c + 3. What is the remainder when 61 is divided by v(q)?
19
Let w(m) = 4*m**2 + 2*m - 19. Let c be w(-6). Let k = -94 + c. Calculate the remainder when k is divided by 7.
5
What is the remainder when (-2 + 1)*(-1 - (-3 - -41)) is divided by 20?
19
Let n = 517 - 419. Calculate the remainder when n is divided by 8.
2
Let d(v) = 2*v**2. Let w be 3*((-8)/12 - 0). Calculate the remainder when (312/36)/(1 - 2/6) is divided by d(w).
5
Let n = 28 + -41. Calculate the remainder when 35 is divided by (n/(-2) + 3)*2.
16
Let x(d) = 2*d**3 + 13*d**2 + 18*d + 2. Calculate the remainder when 43 is divided by x(-4).
3
Suppose 2*c = w - 17 - 4, c = 4*w - 49. What is the remainder when 152 is divided by w?
9
Let m(y) = y**2 + 10*y - 38. What is the remainder when 33 is divided by m(-14)?
15
Suppose 0 = -5*k - 3*p - 2*p + 180, k + 2*p - 32 = 0. What is the remainder when 159 is divided by k?
39
Let n(m) be the first derivative of 8*m**3/3 - 3*m**2 + 5*m + 19. Calculate the remainder when n(3) is divided by 16.
11
Let w(f) = -f**3 - 12*f**2 + 7. Let h be w(-12). Suppose 3*b - 50 = h. Let s(o) = 2*o**2 + 2*o - 9. Calculate the remainder when s(6) is divided by b.
18
Let s be -2 - ((-20)/(-8))/(1/(-2)). Suppose -l = s*b - 58 - 54, 3*b = 4*l + 122. What is the remainder when 148 is divided by b?
34
Let q be ((-42)/(-9) - 5)/((-1)/12). Let x = 9 - q. What is the remainder when (-2)/(-8) + 35/4 is divided by x?
4
Let z = -30 - -44. Suppose 0 = 6*f - 12 - 12. Suppose 0*w = -f*w + 20. Calculate the remainder when z is divided by w.
4
Let h = 269 + -227. Calculate the remainder when h is divided by 9.
6
Let j = 844 + -841. Calculate the remainder when 27 is divided by j.
0
Suppose -10*b - 280 = -20*b. Calculate the remainder when 192 is divided by b.
24
Suppose -812 = 4*c - 860. What is the remainder when 32 is divided by c?
8
Let o(y) = y**2 - 15*y + 30. Calculate the remainder when 30 is divided by o(14).
14
Suppose 112 = 4*b - 0*b. Let a(i) = i**3 - 4*i**2 + 7*i - 6. Let f be a(5). Suppose 0 + f = j. What is the remainder when j is divided by b?
26
Suppose 4*z - 296 = -4*c, -2*c = -7*z + 5*z - 140. Calculate the remainder when c is divided by (2 - 40)/(1*-2).
15
Let t be (-4)/(2/4 + (-2)/(-4)). Let y(m) = -2*m**3 - 6*m**2 - m + 5. What is the remainder when y(t) is divided by 11?
8
Let h(t) = 2*t + 5*t**3 - 286 + 286 + 4*t**2. Let x be h(-2). Let p = x - -77. Calculate the remainder when p is divided by 10.
9
Let a be -4*(-3 - -2*(-53)/(-4)). Let r = a + 102. Calculate the remainder when r is divided by 2.
0
Let a = -12 + 6. Let m(n) = 0*n - 6*n + 4*n. What is the remainder when 34 is divided by m(a)?
10
Let s(l) = -l**3 - 5*l**2 + 12*l + 24. Calculate the remainder when s(-7) is divided by 10.
8
Let k(d) = -d**3 + 3*d**2 + 2*d + 1. Let z(r) = -r - 1. Let f be z(-5). Let q be k(f). Calculate the remainder when 75 is divided by (q - 12)/(0 - 1).
18
Let l(o) = 37*o + 692. Calculate the remainder when l(-11) is divided by 42.
33
Let y = -24 + 62. Let d = 67 - y. Suppose -75 + d = -2*b. Calculate the remainder when b is divided by 8.
7
Let c = 343 - 154. Calculate the remainder when c is divided by 93.
3
Let c(f) = 16 + f + 31 + 4. Calculate the remainder when c(13) is divided by 23.
18
Let q = 74 + -49. Calculate the remainder when (-1*q)/(-1) - -1 is divided by 2/3 + 100/12.
8
Let b(w) = -w + 71. Calculate the remainder when b(-9) is divided by 7.
3
Let o(i) = -i**2 - 8*i + 2. Let m be o(-8). Suppose -m*p + 32 = 2*p. What is the remainder when 37 is divided by (-4)/16 + 82/p?
7
Let u(b) = -9*b - 6*b + 112 - 108 - 2*b**2. What is the remainder when 65 is divided by u(-5)?
7
Let l be 3 + -26 - (2 + -1). Let a be (l/(-15))/(1/5). Let d = a - 6. Calculate the remainder when 2 is divided by d.
0
Let l = 193 + -174. Calculate the remainder when 186 is divided by l.
15
Let v be (-9)/3*21/9. Let d = v + 23. What is the remainder when 61 is divided by d?
13
Let m(u) = -2*u - 6. Let f be m(-5). Suppose 0 = -d + 3*g + 7, -3*d + f*g = 3*g - 37. Let k(b) = 12*b + 131. What is the remainder when k(-9) is divided by d?
10
Let t = 191 + -99. Suppose t = 5*b - 13. What is the remainder when b is divided by 8?
5
Let a = -1481 + 1523. What is the remainder when 833 is divided by a?
35
Let v(k) = k**2 - 5*k + 1. Let y be v(2). What is the remainder when (y - (-129)/(-21))*7/(-1) is divided by 27?
24
Suppose -2013 = -522*r + 511*r. Calculate the remainder when r is divided by 13.
1
Let w be -3 + 6/(-10) + (-2585)/25. Let m = -259 - -94. Let r = w - m. Calculate the remainder when r is divided by 15.
13
Let v(u) = 12*u - 51. What is the remainder when 61 is divided by v(6)?
19
Let k(n) = 10*n**2 + n + 1. Let g = 215 + -131. Calculate the remainder when g is divided by k(2).
41
Suppose 0 = -w + 43 - 13. Let n be (4/(-8))/(1/(-6)). Suppose n = -3*m, 3*m = -2*j + 11 + w. What is the remainder when 85 is divided by j?
19
Suppose 2*b - 602 - 190 = z, -5*b - 4*z + 2006 = 0. What is the remainder when b is divided by 40?
38
Suppose 2*s = -2*i + 20, i = 4*i - s - 10. Suppose 206 = -0*x + i*x + 2*r, r = 3*x - 117. Calculate the remainder when 78 is divided by x.
38
Suppose -53*k + 50*k + 150 = 0. Suppose p - 264 = -0*j - 5*j, 3*j = -3*p + 756. What is the remainder when p is divided by k?
49
Suppose -3*v + 701 + 79 = 0. Suppose -q + 3 = -o + 59, -5*o = 5*q - v. What is the remainder when o is divided by 11?
10
Suppose 0 = 5*a + 3*l - 10, 1 = -2*a - 2*l + 5. Calculate the remainder when 166/6 + (-4)/6 is divided by (4/a)/((-10)/(-35)).
6
Suppose -4*f + 4*o + 2537 - 313 = 0, 4*o = -2*f + 1130. What is the remainder when f is divided by 33?
31
Let m = 19 - 15. Suppose -3*l + m*w + 14 = -0*w, 4*l - 2*w = 22. Calculate the remainder when 41 is divided by l.
5
Let b = 1 + 50. Suppose 0 = 4*k - 3*k - 26. Calculate the remainder when b is divided by k.
25
Let f(u) = -2*u**3 + 5*u**2 - 5*u - 5*u**2 - 4*u**2 + 1. Calculate the remainder when 20 is divided by f(-2).
9
Let v(o) = 21*o**3 + 18*o**3 - 15*o - 9*o**2 - 40*o**3 - 11. Calculate the remainder when v(-8) is divided by 16.
13
Let g be (-7 - 0)/(-1)*(-1 + 2). Let v(k) = -k**3 + 10*k**2 - 15*k - 10. What is the remainder when 127 is divided by v(g)?
31
Let j be 1 + 2 + (-4 - 3). Let z(h) = 4*h**2 + 2*h - 1. Let a(r) = 3*r**2 + 2. What is the remainder when z(j) is divided by a(-2)?
13
Suppose 0 = -2*q + 5 + 3. Let y be 0 - q/(-6)*3. Suppose 16 = -4*t, -y*t = -m + 9 + 4. Calculate the remainder when 19 is divided by m.
4
Let x(b) = 4*b + 5. Let n(v) = -1. Let h(p) = -4*n(p) - 2*x(p). Let z be h(-4). Let r = z + -19. Calculate the remainder when 25 is divided by r.
4
Let m(u) = -24*u - 9. Let x be m(-7). Let t = x - 143. What is the remainder when 60 is divided by t?
12
Suppose -3*q = -4*x + 5*x - 90, -q + 28 = x. Let o(i) = 2*i**2 - 16. Calculate the remainder when q is divided by o(4).
15
Suppose 0 = -59*l + 77*l - 1926. Calculate the remainder when 529 is divided by l.
101
Suppose -12*d + 144 + 0 = 0. What is the remainder when 59 is divided by d?
11
Suppose 4*q - 6873 = 19879. Calculate the remainder when q/55 + 4/10 is divided by 25.
22
Suppose 99*h - 105*h + 252 = 0. Calculate the remainder when h is divided by 1.
0
Let c be (12/(-9))/(-4 - 32/(-12)). Let j(r) = r. Calculate the remainder when 11 is divided by j(c).
0
Let o = 399 + -294. Calculate the remainder when o is divided by 53.
52
Let r = 616 + -599. What is the remainder when r is divided by 10?
7
Suppose -109*j + 4*p + 221 = -104*j, 2*p = 2*j - 90. Calculate the remainder when j is divided by (-10)/((-16)/6 - -2).
11
Let h(w) = -2*w**2 - 21. Let r(y) 